*2 - 9*g + 2. Let r be 2/14 + 310/35. What is the units digit of y(r)?
2
Let u(n) = 7*n - 24. What is the units digit of u(6)?
8
Let p be 26/10 - 8/(-20). What is the tens digit of 71/p + 4/12?
2
What is the tens digit of (40/(-28))/((-5)/35)?
1
Let v(z) = -z**3 + 13*z**2 - 8*z - 12. Suppose 0 = -5*s + 6*s - 12. What is the units digit of v(s)?
6
Suppose -5*a + 395 = -40. What is the tens digit of a?
8
Let k(p) = 7*p**3 + 11*p**2 - 15*p - 19. Let n(v) = 3*v**3 + 6*v**2 - 8*v - 9. Let d(q) = -2*k(q) + 5*n(q). What is the units digit of d(-9)?
2
What is the units digit of (3 - 2) + (37 - 0)?
8
Suppose -3*o - 3*t + 7 = t, 4*o = -2*t + 16. Suppose -o*m + 40 = -m. What is the units digit of m?
0
Let o(x) = -x + 3. Let l be o(3). Let c be 1 - (-1)/((-2)/(-2)). Suppose c*n + 3*n - 20 = l. What is the units digit of n?
4
Let r = 39 - -44. What is the units digit of r?
3
Suppose -5*h - 2*o = 0, -2*h + 14 = -0*o - 2*o. Let f(m) = m**3 + m**2 + 2*m + 1. What is the units digit of f(h)?
7
Let a(h) = 3*h + 5. What is the tens digit of a(7)?
2
Let n = 8 + -5. Suppose n*f = -2*f + 40. What is the units digit of f?
8
Let r(i) = -127*i - 18. What is the tens digit of r(-3)?
6
Suppose 0 = 5*f - 7 - 3. Suppose 0 = f*i + i - 45. What is the tens digit of i?
1
Let x(m) = -17*m + 1. Let c be x(-1). Let y = -9 + c. What is the units digit of y?
9
Suppose 4*s = 3*a + s - 30, -s = 2*a - 5. Suppose -1 = w - a. Suppose -3*m = -m - w*u - 52, 3*m = 2*u + 58. What is the units digit of m?
6
Let a = 1 - -4. Suppose -a*r = -2*r. Suppose -y + 0 + 5 = r. What is the units digit of y?
5
Let d be 1*2*8/(-16). Let v be (-2)/(d/(-17)*-2). Suppose -u - 5*g = 17, -5*u + 2*g + v = -6. What is the units digit of u?
3
Let a be -1 - -73 - (3 - 2). Let d = 8 + -3. Suppose 3*y + 4*l + 14 = a, d*l + 60 = 5*y. What is the units digit of y?
5
Let y(a) be the second derivative of a**3/2 + 4*a**2 + a. Let f(j) = -3*j - 7. Let d(q) = 5*f(q) + 4*y(q). What is the units digit of d(-3)?
6
What is the tens digit of (-6)/(-15) + (-1692)/(-20)?
8
Let r(n) be the third derivative of -n**5/60 - n**4/3 + 13*n**3/6 - n**2. Let f be r(-9). Suppose -f = m - 5*m. What is the units digit of m?
1
Suppose 2*q = 2*y - 6, q = 2*y + 2*y - 18. Suppose w + 7 = 3*l, l - 1 + 4 = -5*w. Suppose 3*i + o - l = 0, -q*o - 5 - 5 = -i. What is the units digit of i?
2
Suppose -4*q = 4*z - 60, -2*z = q + 2*z - 24. Let d = q + -6. What is the units digit of (-5)/2*(-12)/d?
5
Let t(l) = l - 5. Let d(y) = -2*y + 9. Let u(h) = -6*d(h) - 11*t(h). Let o be u(3). Suppose 2*x + o = 20. What is the units digit of x?
8
Suppose 4*u + 72 = 4*l, -4*u + 27 = 5*l - 36. What is the units digit of l?
5
Let k be -22 + 2*(-3 + 2). Let y be 6/(-4)*32/k. What is the units digit of y*6 - (2 + -4)?
4
Suppose -2*a - 3 = w, 2*w - a - 2*a = 22. Let d(c) = 2*c**2 - 6*c - 6. What is the units digit of d(w)?
4
Let s(i) = 3*i + 229. What is the hundreds digit of s(0)?
2
Let u(l) = -16*l - 1. Let z be u(-1). What is the units digit of z/3 - (0 + 0)?
5
Suppose 0*a - 15 = -3*a. Suppose 1 + 4 = a*h. What is the units digit of h?
1
Suppose 4*k = -10 + 2. Let c be 5*(k + (1 - -3)). Suppose 4*p = -4*f + 16, 2*p + 3*f = -f + c. What is the units digit of p?
3
Suppose -6 = -t + 21. What is the tens digit of t?
2
Suppose 0 = 4*d + 5*o - 2, 0 = -5*d - 0*d + 3*o + 21. Suppose -73 = -d*t + 2*s, 0*s - 5*s - 79 = -3*t. What is the tens digit of t?
2
Let y(t) = -t**2 + 4*t + 5. Let x be y(5). What is the tens digit of 9 - (-1 - x/(-2))?
1
Suppose 10*n + 216 = 13*n. What is the tens digit of n?
7
Suppose 2*w - 15 = -3*w. Suppose 5*c - 3*p - 21 = 0, 0 = w*c + 3*p - 0 - 3. Suppose -3*f - 30 = -3*b, 0 = -2*b - c*b - 3*f + 34. What is the units digit of b?
8
Suppose 4*v - 15 = -s, -4*v = 3*s + s. Suppose p - 2*n - 9 = 0, p + 18 = v*p - 2*n. Suppose p*y + 15 = 4*y. What is the tens digit of y?
1
Let z be 2 - (-1 + (4 - 2)). What is the units digit of z/((-4)/8) + 6?
4
Suppose 0 = -2*j - 3*j - 20, -2*r - 4 = -3*j. Let o = 24 + r. What is the tens digit of o?
1
Let k be (4/2 + 1)/1. What is the units digit of (-18)/(-2) + k*1?
2
Suppose 2*n - 17 = 27. What is the tens digit of n?
2
Let z(r) = -r + 2. Let j = 16 - 9. Let q = -12 + j. What is the units digit of z(q)?
7
Let z be 2/(-6) - 74/(-6). What is the units digit of 4/z - 42/(-9)?
5
Let n(a) = -13*a**2 + 16*a + 19. Let d(k) = 7*k**2 - 8*k - 10. Let u(o) = 11*d(o) + 6*n(o). What is the tens digit of u(7)?
1
What is the units digit of -7 + 3 + (-16)/(-4) + 264?
4
Let b(u) = -u**3 - 3*u**2 + 6*u + 4. What is the units digit of b(-5)?
4
Let b(i) = -2*i + 5*i**2 - 5 - i + 0 + 2. What is the tens digit of b(-2)?
2
Suppose -2*j + 2*r = -100, -3*j + j = 3*r - 75. Suppose -7*c + 11 + 3 = 0. Suppose c*y = -y + j. What is the units digit of y?
5
Let c be (1 - 7)*(-4)/3. Suppose 4*b + 4*q = 2*b + c, 5*b + 4*q - 14 = 0. What is the units digit of b/(-3)*9/(-2)?
3
Let q(n) = n - 2. Let c be 7*-1*(-6)/7. Let f be q(c). Let y = f + 1. What is the units digit of y?
5
Let o(v) = v**2 - 8*v - 9. Let z be o(8). Let a = z - -19. What is the units digit of a?
0
What is the hundreds digit of 27/36*((-3)/3 + 273)?
2
Let a be (-22)/(-1) + (-3)/(-1). Let o = -14 + a. What is the tens digit of o?
1
Suppose -34 = -2*k + 10. What is the units digit of k?
2
Let b(g) = -g**3 + 8*g**2 - 7*g + 2. What is the units digit of b(7)?
2
Suppose -p + 49 = 5*t, -3*t + 3*p + 33 = 2*t. Suppose -4*x - t = -7*x. Suppose -x*i - 2*i = -10. What is the units digit of i?
2
Let t(f) = 2*f - 12. What is the units digit of t(12)?
2
Let w = -13 - -26. Suppose w = 3*q + 1. What is the units digit of q?
4
Let o be (145/(-15))/((-1)/3). Let y = -21 + o. What is the units digit of y?
8
Suppose 4*d = 3*x + 312, 234 = 3*d - 4*x + x. What is the units digit of d?
8
Let o be 9/(-3) + 0 + 2. Let m = o + 6. What is the units digit of m?
5
Let b(n) = n + 6. Suppose f = -2*f - 21. Let t be b(f). What is the units digit of 6/8 - t/4?
1
Suppose -2*w = 2*z + 16, 0 = -3*w - 0*w + 5*z + 8. Let c be (w/((-12)/(-21)))/(-1). Let k = 6 + c. What is the units digit of k?
3
What is the units digit of 12/(-54) - (742/(-18) - -2)?
9
Suppose w - 2*w = 0. Suppose 254 = 5*y - m - 2*m, -2*y - 3*m + 89 = w. What is the tens digit of y?
4
Let t(g) = g**3 - g**2 + 2*g + 2. Let c be t(0). What is the units digit of -1 + 5 - (c - 5)?
7
Let p = 2 + 5. Let v = p - 14. Let h = v - -8. What is the units digit of h?
1
Let r = 5 + 0. Let i = r - 5. Suppose -m = -2, -6 = -i*p - p + 3*m. What is the units digit of p?
2
Let u(h) = h**3 - 3. What is the units digit of u(3)?
4
Let n = -66 + 148. What is the units digit of n?
2
Suppose 2*q = q - 5, -4*q = 2*v - 60. Suppose -2*x + 38 = -v. Suppose 4*d - x = 5. What is the units digit of d?
1
Let h be (-84)/(-18)*(-18)/(-21). Suppose 16 = h*r, -2*f - 2*r - r + 48 = 0. What is the tens digit of f?
1
Suppose -2*u + 5*u - 41 = -5*a, 24 = 4*a - 2*u. What is the units digit of a?
7
Let g = 4 + 6. Let w(t) = t**3 + 5*t**2 - 5*t - 1. Let r be w(-6). Let n = r + g. What is the units digit of n?
3
Let u be (-12 - -5) + 2*1. Let i(z) = z + 5. Let c be i(u). What is the units digit of (c + -4*2)/(-2)?
4
Let p(w) be the first derivative of w**3/3 + w**2 + 2*w - 2. Let l be p(-3). What is the units digit of (l/(-15))/((-2)/6)?
1
Let j(g) = -g + 1. Let m(l) = l + 15. Let x(w) = -6*j(w) - m(w). What is the units digit of x(11)?
4
Suppose -i = -4*i + 9. Let h be 2*i/((-6)/(-4)). Suppose -4*r = h*m - 0*m - 28, -5 = 5*m. What is the units digit of r?
8
Let t(z) = z**3 - 10*z**2 + 9*z - 1. Let u be t(9). What is the units digit of 3 + -3 + 2 + u?
1
Let m = 35 + -10. Suppose 3*k = -5*h + 2*k + m, -5*h + 3*k + 5 = 0. What is the units digit of h?
4
Suppose 0 = -4*k + 2*m + 182, 0*k - m - 223 = -5*k. What is the tens digit of k?
4
Let b = 47 + -31. What is the units digit of b/72 + 554/18?
1
Suppose 3*t = -3*v + 6*t + 21, 4*t = 5*v - 32. What is the units digit of (v + -7)*2/(-3)?
2
Let u(j) = j + 11. Let c be u(0). Suppose -c = 2*o + 1. What is the units digit of (10/3)/((-2)/o)?
0
Suppose 2 = 5*x - 13. What is the units digit of x?
3
Let c be 3/(3*-1) + 11. Suppose 3*v - c + 1 = 0. What is the units digit of v?
3
Suppose x - 3*a = 53, -184 = -4*x - 3*a - 47. Suppose 5*m = -f + 95 + x, 3*m 